= -8510, -2*u + 5*p - 4*p = -17011. Is u a prime number?
False
Let i(w) = 54*w**2 + 8*w + 259. Is i(17) a prime number?
True
Let p = 23189 + -13462. Is p composite?
True
Suppose 2*l + 22*l - 85032 = 0. Is l composite?
True
Suppose 2*g = b + g + 38, -4*g - 136 = 4*b. Let s be (-126)/b - 6/(-4). Is 0*1/s - -6 composite?
True
Let d = -23 - -25. Suppose 4*w - 1774 = 4*h - d*h, w = h + 441. Is w a prime number?
False
Let u = -47238 + 107451. Is u a prime number?
False
Let c(b) = 18 + 2*b**3 + 71 - b**2 - b**3 - b + 23. Let t be c(0). Let p = t - -385. Is p prime?
False
Suppose -11*d + 8*d + 36 = 0. Is -118*3/(d/(-4)) a composite number?
True
Let o(y) = -127*y - 333. Is o(-10) a prime number?
True
Let p(k) = 95*k - 3. Let u = 13 - 9. Let a be p(u). Let g = a - 172. Is g a prime number?
False
Let y(w) be the first derivative of -10*w**3/3 - w**2/2 - w + 7. Let p be y(-3). Let g = 90 - p. Is g a prime number?
False
Let x(p) = p - 6. Let h be x(4). Let u = -2 - h. Suppose m + 0*m - 319 = u. Is m composite?
True
Let l(b) be the second derivative of b**5/20 + 5*b**4/6 + 5*b**3/6 - 11*b**2/2 + 6*b. Suppose 0 = -3*q - 2*z - 17, -4*q + 5*q + 3*z = 6. Is l(q) a prime number?
False
Suppose -2*j + 28 - 8 = 0. Let q(b) = -27*b - 5. Let l be q(j). Let v = l + 512. Is v a composite number?
True
Suppose 3*c = -3*k - 2*c + 37, 0 = -5*k - 5*c + 45. Suppose 4*m - 463 = -q + 377, -4*m = -k*q - 860. Is m prime?
True
Suppose 4*a - 19832 = 4*n, -3*n = -a - 4*a + 24800. Is a a prime number?
False
Suppose 4 = -2*n - 4*j, -n + 5*j + 26 = -0*j. Suppose c = -n*c + 14. Suppose 753 = 5*k - c*k. Is k composite?
False
Let z be (-8)/14 - 44/(-77). Let d(i) = i**2 - 2*i + 211. Is d(z) a composite number?
False
Let i(f) = -2*f**3 - 24*f**2 + 28*f - 1. Let w = 18 - 32. Is i(w) a composite number?
True
Let l(o) be the third derivative of -7*o**5/120 - o**4/6 + 5*o**3/6 - 3*o**2. Let d(c) be the first derivative of l(c). Is d(-5) composite?
False
Suppose -x = 458 - 1763. Suppose 5*i - x = -4*i. Is i prime?
False
Let k = -2418 + 3491. Is k a composite number?
True
Let n = -3662 - -7291. Is n prime?
False
Suppose -11*m - 7794 = -17*m. Let i = m + -200. Is i a composite number?
True
Let q(z) = 2*z - 1. Let y be q(-4). Let l = y + 17. Let d(u) = 8*u - 11. Is d(l) a prime number?
True
Suppose -4*u = -8*u. Let q(b) = -b**3 - 2*b + 1655. Is q(u) prime?
False
Is ((-2)/(-3))/(6280671/(-483129) - -13) a composite number?
False
Let c(q) = -q**3 - 6*q**2 + 16*q + 9. Let l be c(-8). Suppose l*m - 7988 = 9769. Is m a composite number?
False
Let a = 20148 + -8069. Is a prime?
False
Let i = -271 + 148. Let q = 180 + i. Is q a composite number?
True
Let g = -910 + 1863. Is g composite?
False
Let b(o) = 74*o + 121. Is b(8) prime?
False
Let p = -1 + 5. Suppose -p*w - 51 = -w. Let r = 20 - w. Is r a prime number?
True
Let i(t) = -t**3 - 2*t**2 + t + 4. Let d be i(-2). Suppose 5*p - 3139 = -d*j, p - 1568 = 11*j - 12*j. Is j a composite number?
False
Let x = -2 - -3. Let d be 2 - (-1 + 4 - x). Suppose d = 4*m - 2*m - 174. Is m composite?
True
Suppose 5*k - 1512 = 1993. Is k composite?
False
Suppose 0*v - 2*v = 88. Let a be 1/6 + v/(-24). Suppose -a*u + 236 = 2*u. Is u a composite number?
False
Suppose 3450 = 3*y - v, 6 - 12 = -2*v. Is y composite?
False
Let k be 12/30 + 13/5. Suppose k*l = -l + 884. Is l a prime number?
False
Is 194380/(2 + -7)*2/(-4) composite?
True
Suppose 12 - 35 = -d. Is d/(-46) - (-531)/2 prime?
False
Let s = 30 + -28. Suppose 0*t - 8 = 3*t + 2*l, 0 = -3*t + s*l + 8. Suppose 0 = -2*a - t*c + 4*c + 494, -a + 5*c + 259 = 0. Is a prime?
True
Let m = 31486 + 5835. Is m composite?
False
Let v = 20064 - 8209. Is v composite?
True
Let k be 42/3*3/6. Suppose -2*x = -k*x. Suppose -m + 74 + 223 = -d, x = -m + 2*d + 301. Is m a composite number?
False
Let j(f) = 18*f**2. Let g be j(-1). Suppose g = -x + 85. Is x a prime number?
True
Suppose -9 = -t + 4*t. Let h be (-1)/(-2)*-14 + t. Let y(i) = i**3 + 10*i**2 - 2*i - 7. Is y(h) a prime number?
True
Let h(y) = 425*y**2 + 9 - 5*y + 420*y**2 - 842*y**2. Suppose 4*x + x - 20 = 0. Is h(x) a prime number?
True
Let g(u) = -22*u**3 + 6*u**2 + 2*u + 3. Let j be 27/36 + (-38)/8. Is g(j) composite?
False
Let p be 168/(-140)*((-6)/(-4) + 1). Let c(w) = -131*w + 4. Is c(p) a composite number?
False
Let r = 2402 + -100. Is r a prime number?
False
Let a = 1402 + -2386. Let w = a + 134. Let i = 1559 + w. Is i a composite number?
False
Let w(x) = x**2 + 7*x - 33. Let f be w(-10). Is 3271*f/(-13) + (-16)/(-104) composite?
True
Let s(u) = -u**2 - 7*u + 4. Let g be s(-7). Suppose g*f - 4*a = 8, 5*f + 5*a - 8 = f. Suppose -3*n = -f*h + 523, 3*h - 3*n - 624 = 156. Is h a prime number?
True
Let c = -1885 + 991. Let p = c + 3313. Is p a composite number?
True
Let q be (2/3 + -1)*-8121. Suppose 0 = -0*r - r + q. Is r prime?
True
Let n be 20/(-170) + 4/34. Is (-269)/(-1) + (-3)/(-12)*n a composite number?
False
Let o = 99355 + -57920. Is o a composite number?
True
Suppose 0 = -3*u + 19905 + 51642. Is u prime?
False
Let h be 0/((-5)/(1 - -4)). Is (-4)/(8/2818)*(h - 1) a prime number?
True
Let n(m) = -2637*m + 164. Is n(-6) composite?
True
Let h(u) = u**2 - 22. Let r be h(13). Suppose 4*x = 2*a - 1371 - 819, 2166 = 2*a + 4*x. Suppose r = -6*m + a. Is m a composite number?
False
Let k(h) = 5*h**2 - h + 2. Let j be k(2). Let r = j - -14. Let w = r - -339. Is w prime?
True
Let x(z) = -72*z + 1. Let k be -8 + 18 - 8/2. Suppose -k*a + 4*l - 12 = -2*a, 3*a + 17 = l. Is x(a) prime?
False
Suppose 17*u - 21932 = 27725. Is u a prime number?
False
Suppose 2*g + c = 22737, c + 8 - 7 = 0. Is g a composite number?
False
Suppose 0 = -3*m - 2*i + 72843, -5*m + 2*i + 48562 = -3*m. Is m a composite number?
False
Let m = -47183 + 92190. Is m a composite number?
False
Let z = 101 - 97. Suppose 0 = -z*o - 3*o + 3017. Is o prime?
True
Let x = -24 - -49. Suppose -d + 33 = -5*v, -2*d - 14 = 5*v + x. Let r = v - -32. Is r a composite number?
True
Let x be (-10272)/(-36) - 1/3. Suppose 10 = f - x. Is f prime?
False
Let v(s) = -2*s**3 + 5*s**2 - 4*s + 5. Let w be v(3). Let z be 116/w*(-24)/(-2). Is (-15 + -2)/(3/z) a prime number?
False
Let m = -26535 + 42262. Is m a composite number?
False
Suppose -5*v + d - 67 = 0, 2*d + 61 = -5*v - 15. Let j = 16 + v. Suppose 3*h + 95 = j*m, -3*h = m + 4 - 47. Is m a composite number?
True
Let x(g) = g**2 - 19*g + 24. Let v be x(18). Suppose -16388 = -v*k + 15610. Is k a composite number?
False
Suppose -6*q + 3267 + 375 = 0. Let c = q + -120. Is c prime?
True
Let y(u) = 10*u**2 + 10*u - 25. Is y(12) composite?
True
Let o = 20 + -6. Is 5022/14 - (-4)/o a prime number?
True
Let p(c) = 2*c + 11. Let a be p(-4). Suppose -2*n = 2*d - 1128, n = 2*n + a*d - 560. Is n composite?
True
Let c(m) = -m**2 + 3 - 8*m - 3 + 2*m. Let v be c(-6). Suppose -5*l - 2*o + 417 = 0, v = -4*l + 4*o + 3 + 325. Is l prime?
True
Let r(t) = -4*t**3 + 33*t**2 - 11*t - 7. Let z(n) = n**3 - n**2 - n + 1. Let v(j) = r(j) + 5*z(j). Is v(-13) a composite number?
False
Let h(d) = -d**3 + 4*d**2 + 11*d - 2. Let t be h(6). Is t*4/(-32)*1 + 6804 prime?
False
Let t(z) = -2*z - 12. Let s be t(-9). Let b(h) = 566*h + 13. Let q be b(s). Is q/9 - (-4)/18 a prime number?
True
Suppose 1433 = -t + 4*r + 12104, 0 = t - 2*r - 10667. Is t a prime number?
True
Suppose -3*a - 218 = 46. Let c = 125 + a. Is c prime?
True
Suppose -10 = -5*v, -3*y + 2*v = -36128 + 2871. Is y a composite number?
False
Suppose q = 4*t + 15, -t + 3*q = t + 15. Is (-1370)/t - 0 - (-31)/93 a prime number?
True
Is 52589/3 + -1 + 2/6 composite?
True
Is 137/411 - 88192/(-6) a prime number?
True
Let c = 543 - 292. Is c a composite number?
False
Suppose 2*n - 4 = -32. Let r = -17 - n. Let g(u) = -20*u - 5. Is g(r) a composite number?
True
Let w be (-486)/(-10) - 2/(-5). Suppose -w = -a + 5*y, 5*a = y + 82 + 115. Is a prime?
False
Let i be (-2 - -3)/((-2)/18). Let y = -4 - i. Suppose s = b + 38, s + 4*s - 160 = -y*b. Is s composite?
True
Suppose 2*r - 8782 = -5*u, 0 = 31*r - 27*r + 5*u - 17564. Is r prime?
True
Suppose -4*a + 54 = -a. Let q be ((-12)/a)/(4/(-258)). Let r = q + 8. Is r composite?
True
Let l = 19583 - 10804. Is l composite?
False
Let n(s) = 15*s**3 + s**2. Let v be n(1). Let x(l) = -5 + 17*l + 150*l + v. Is x(4) prime?
False
Let